f 88 and f.
11
Let o be (-5)/(-35) + 1063/7. Suppose -8 = -2*j + o. What is the greatest common divisor of j and 30?
10
Let k(i) = -5*i - 3. Let v be k(-6). Suppose 119*a - 121*a = -4*b + 180, a + 225 = 5*b. Calculate the greatest common divisor of b and v.
9
Let b be (-2)/((-884)/(-222) - 20/5). What is the highest common factor of b and 9?
3
Suppose 3*n = i - n - 11, 4*n - 97 = -3*i. What is the greatest common factor of 729 and i?
27
Let d(m) = -m + 5. Let s be d(3). Let a = 14 + s. Let q = 137 - 9. What is the greatest common divisor of q and a?
16
Let l(r) be the second derivative of r**5/20 + 19*r**4/12 + 19*r**3/3 - 25*r**2/2 + 14*r + 2. Let h be l(-16). What is the greatest common factor of h and 27?
27
Let j = 14 - -16. Suppose j = -2*k + 20. Let m be (-10)/k*(-2 + 3). What is the greatest common factor of 4 and m?
2
Suppose -f - 2945 = -2*h, 2*f - 2557 = -4*h + 3329. What is the greatest common factor of h and 46?
46
Let r(d) = 37*d. Let k(o) = -109*o - 2. Let w(l) = 6*k(l) + 17*r(l). Let c be w(-2). Calculate the highest common divisor of 19 and c.
19
Suppose 0 = o - 3*o + 18. Suppose 8*z - 6*z - 1080 = 0. Let v be 8/(-3)*z/(-16)*1. What is the greatest common divisor of v and o?
9
Let h(a) = 4*a**2 + 4. Let t be h(3). Suppose 2441 + 79 = t*w. Calculate the highest common divisor of w and 21.
21
Let v be (-124)/(-10) + (-6)/15. Let w be (35/(-10) + 3)*(-532)/(-1). Let c be (w/(-56) - 6/8)*1. Calculate the highest common divisor of c and v.
4
Let z = -182 + 192. Let g(a) = 21*a**2 + 23*a. Let k be g(5). What is the highest common divisor of z and k?
10
Let q = 81 + -78. Suppose -3*u + 2*h = 4*h - 36, -q*u - h + 39 = 0. Suppose -u*c = -12*c - 110. What is the greatest common divisor of c and 22?
11
Let s = 212 - -107. Let a be -11*2/(-6)*(2 + 1). Calculate the highest common divisor of s and a.
11
Let q be (2*(-115)/253)/(1/(-11)). What is the greatest common factor of 1010 and q?
10
Suppose 5*l + 1830 = 5*r, -5*r - 5*l = -r - 1455. Let g = 373 - r. What is the greatest common divisor of g and 60?
4
Let r(n) = -14*n - 15. Let w be r(-1). Let v = w - -73. What is the greatest common factor of v and 96?
24
Let u = 778 - -1136. What is the greatest common factor of u and 58?
58
Let k(n) = n**2 + 11*n - 40. Suppose -6*m + 10*m + 80 = 0. Let i be k(m). What is the greatest common divisor of i and 105?
35
Let t(m) = 6*m**3 + 2. Suppose 54 = -13*c + 730. Let p be 5/35 + c/28. Let f be t(p). Calculate the highest common divisor of 5 and f.
5
Let z(t) = -10*t**3 + 89*t**2 + 11*t - 3. Let h be z(9). Calculate the highest common divisor of 18120 and h.
15
Let f be 7670/286 - (-8)/44. Suppose 0 = -5*k - 24 + 54. Let j(h) = h**2 - 3*h + 18. Let r be j(k). Calculate the greatest common divisor of r and f.
9
Suppose 5*s = -m + 4 - 40, -4*m = -2*s + 34. Let o = -8 - m. Suppose -o*v + 21 + 0 = 0. Calculate the highest common divisor of v and 7.
7
Let j(b) = -b**2 + 7. Let u be j(-5). Let c = 19 + u. Let q = 1160 - 1157. Calculate the greatest common divisor of c and q.
1
Suppose 4*c - 3*z - 699 = c, -2*z + 684 = 3*c. What is the greatest common factor of c and 391?
23
Suppose -11*y = 468 - 5132. Suppose 26*x - y = -164. Let k be (-324)/(-3) - 2/(-1). What is the highest common factor of x and k?
10
Suppose -3*z + 781 - 763 = 0. Let a(y) = -6 + y**2 + 10*y - 8*y**2 + 6*y**2. Let k be a(z). Calculate the highest common divisor of 63 and k.
9
Suppose 0 = -5*l + 4*g + 680, 321*g - 317*g = l - 120. Let q = 65 - -425. Calculate the greatest common factor of q and l.
70
Let d be 9582 - 130/(65/(-5)). What is the highest common divisor of 88 and d?
88
Suppose -2*o - 1053 = -5*o. Suppose 27*m = 6*m + 378. Calculate the greatest common divisor of o and m.
9
Let n be -1*2328/(-27) - (-4)/(-18). Let s = n + -84. Let d be s - 2 - (-4)/((-16)/(-180)). What is the greatest common factor of 135 and d?
45
Suppose -61*k + 3*p - 180 = -66*k + 2*p, 0 = 3*p. Calculate the greatest common factor of k and 5556.
12
Let b be 6358/(-748)*(-12)/17. Calculate the highest common divisor of b and 2379.
3
Suppose -3*q = -0*q - 162. Let u(g) = -215*g + 1963. Let n be u(8). What is the greatest common divisor of n and q?
27
Let u be 1134/(-2646) + (-55110)/(-14). What is the greatest common factor of 861 and u?
123
Let b = -115 + 67. Let n be (-1)/5 + b/(-15). Suppose -107 = -2*m - i, 0*m - 2*i + 158 = n*m. What is the highest common factor of 84 and m?
28
Let z = -1419 + 1483. Calculate the greatest common factor of z and 3680.
32
Suppose 4*p - 78 = w, -4*p + 4*w + 102 = -w. What is the greatest common factor of 654 and p?
6
Let i be 9 + (8 - 24) + 15. Let j(q) = -4*q**2 + 34*q - 4. Let m be j(i). Let k be (2 - 1 - 0)*16. What is the greatest common divisor of m and k?
4
Suppose -c = 0, 4*i + 42 + 102 = -5*c. Let a be (-9)/i + 30/8. Suppose -q = z - 9, -a*q - z + 3*z = -42. Calculate the greatest common divisor of q and 20.
10
Suppose 5076*n = 5059*n + 13515. Calculate the highest common factor of n and 45.
15
Suppose q - 4 - 7 = -4*v, 2*q + 3*v - 12 = 0. Let s be 0/(-7 + 4 - -1) - -10. Let y be ((-9)/(-6))/(s/160). Calculate the highest common factor of q and y.
3
Let w = -135 + 120. Let m = w + 75. Suppose -u - m = -68. What is the greatest common factor of u and 16?
8
Let s be -2*((-21 - -11) + 5 - (-1100)/(-8)). What is the greatest common divisor of 15485 and s?
95
Let z = 134050 - 133814. Let y(m) = m**3 - 3*m**2 - 4*m + 9. Let j be y(7). What is the highest common factor of z and j?
59
Let a be (-128)/24*(-21)/4. Let u = 328 + -319. Let m(x) = x**2 - 11*x + 20. Let s be m(u). What is the highest common factor of a and s?
2
Suppose 7*q + 1802 = 102*q + 11*q. What is the greatest common factor of q and 31?
1
Let p(i) = -i**2 - 37*i + 235. Let h be p(5). Let b be 13662/42 + (-4)/14. What is the greatest common factor of b and h?
25
Let c be (-23)/5 - (-33)/55. Let x(n) = -2*n**3 - 6*n**2 - 9*n. Let m be x(c). Let t be (1 - 0)/(-2 + 140/m). What is the highest common factor of t and 51?
17
Suppose 352 = 4*q + 80. Suppose 4*d - 84 - 44 = -2*t, 2*t = -d + 134. Calculate the greatest common divisor of q and t.
68
Let f be ((36/10)/2)/(-8*(-51)/182240). What is the highest common divisor of 192 and f?
12
Let t(i) = -5*i + 97. Let p be t(12). Suppose 0 = -4*s + p*r - 38*r + 204, 0 = -s + 4*r + 51. What is the highest common divisor of 51 and s?
51
Let t(v) = 3*v**2 - 34*v. Let g be t(6). Let r = g + 258. Let h = r - -14. Calculate the highest common divisor of h and 16.
16
Let t = 10028 - 9720. What is the highest common divisor of t and 660?
44
Let t(p) = -p**3 - 40*p**2 + 55*p + 101. Let z be t(-41). Let o = 485 + z. Calculate the highest common divisor of o and 32.
4
Let v(a) = -a**3 - 67*a**2 + 206*a - 181. Let k be v(-70). Suppose -4*t = -b + 74, 3*t - t - 128 = -2*b. What is the greatest common factor of b and k?
33
Let n(m) = 5*m + 152. Let d be n(0). Let w = d + 19. Calculate the highest common divisor of w and 19.
19
Let k be 3 + (15/(-5) - -4). Suppose -k*n + 52 = 3*d, -2*n + 47 = -2*d + 7. Let q be (-60)/(-1)*8/n. What is the highest common divisor of q and 5?
5
Let k be (-7)/28*2 + (-10)/(-4). Suppose 5*u + 1 = -k*j, -3*j - 7 = -5*u + 7. Calculate the highest common divisor of u and 5.
1
Let x(s) = s - 2. Let l be x(4). Let j = 255 - 249. Let r be ((-240)/4)/l*(-2)/j. Calculate the greatest common divisor of r and 5.
5
Let o be 3 + (6 - 2 - -73). Let s be (-61 - -62)/(-2*1/(-520)). Calculate the greatest common divisor of s and o.
20
Let d(m) = m**2 - 4*m - 38. Let p be d(-7). Suppose -p + 44 = -c, 5*c = 5*f - 705. What is the highest common divisor of f and 34?
34
Suppose -592*l + 599*l = 441. What is the highest common divisor of 2 and l?
1
Let y = 1313 + -1299. What is the highest common factor of 147 and y?
7
Let w(f) = -131*f + 101. Let s be w(-9). Suppose -10*v - 200 + s = 0. Calculate the greatest common factor of 4 and v.
4
Suppose 17*u - 14228 = -34*u - 14075. What is the highest common factor of u and 1911?
3
Let h(i) = i**3 + 24*i**2 + 59*i - 20. Let d be h(-21). What is the greatest common factor of d and 440?
8
Let q be (3619/55)/(1/5) + -7. What is the highest common factor of 1771 and q?
161
Let y be 36 - 37 - (-437 + (-8)/(-2)). What is the greatest co